{"id":638,"date":"2025-09-24T20:21:41","date_gmt":"2025-09-24T18:21:41","guid":{"rendered":"https:\/\/hz-oberegg.com\/?page_id=638"},"modified":"2025-11-25T08:19:02","modified_gmt":"2025-11-25T07:19:02","slug":"h-wurf-soul-of-old-sheperd","status":"publish","type":"page","link":"https:\/\/hz-oberegg.com\/index.php\/h-wurf-soul-of-old-sheperd\/","title":{"rendered":"H-Wurf Soul of Old Shepherd"},"content":{"rendered":"\n<p><strong>Pearl-Malu<\/strong><br><br>Am 19.09.2025 um 13:00 begannen die presswehen bei Malu, doch trotz massiven Wehen konnte sie bis 15:00 keinen Welpen begr\u00fcssen \ud83e\udd72\ud83d\ude25nach einem kurzen Untersuch musste ich feststellen das der erste Welpe quer den Ausgang blockiert und der zweite versuchte die \u00dcberholspur zu nehmen \ud83d\ude48\ud83d\ude25dank meiner Erfahrung und dem bedingungslosen vertrauen das Malu in mich hatte, \ud83c\udf40\ud83d\udc3e\u2764\ufe0f\ud83d\ude05\ud83d\ude4fhaben wir es gemeinsam geschafft den 2.Welpen zur\u00fcck in seine Bahn zu schieben und den ersten zu wenden. \ud83d\udc3e\u2764\ufe0f\ud83d\ude4f\ud83d\ude4fder Rest der Geburt verlief problemlos.\ud83d\ude4f\u2764\ufe0f\ud83d\udc3e<\/p>\n\n\n\n<p>Um 20:00 Uhr haben 3 R\u00fcden und 5 H\u00fcndinnen das Welpen-K\u00f6rbchen gef\u00fcllt \ud83d\udc3e\u2764\ufe0f\ud83d\udc3eund geniessen nun die F\u00fcrsorge und W\u00e4rme ihrer Mama \u2764\ufe0f\ud83d\udc3e\u2764\ufe0f\ud83c\udf40<br>Das Rudel durfte kurz die neuen Mitglieder begr\u00fcssen \ud83e\udd73\ud83d\udc3e\u2764\ufe0f\ud83d\udc3e\ud83c\udf40bis der Papa Santiago fand das nun Ruhe f\u00fcr Mama und Welpen ist. \ud83d\ude0d<\/p>\n\n\n\n<p>Wir heissen<br>\u2764\ufe0fHolly \ud83d\udc9aHassan<br>\ud83d\udc9bHiks \ud83d\udc9cHazel \ud83e\ude75Hope \ud83d\udc9b\ud83d\udc9aHaskia<br>\ud83d\udc99Hailey \ud83e\udd0eHunter<\/p>\n\n\n\n<p><br>herzlich willkommen in unserem Rudel vom Soul of old Shepherd \ud83d\udc3e\ud83d\ude0d\ud83d\udc3e<br>Wir freuen uns auf den gemeinsamen Weg im Rudel mit euch\ud83e\udd73\ud83d\ude18\ud83d\ude0d\ud83d\udc3e\ud83c\udf40<\/p>\n\n\n\n<p>M\u00f6chtet ihr Teil dieser Reise sein???<\/p>\n\n\n\n<p><br>Meldet euch doch einfach per WhatsApp +<a href=\"http:\/\/+41 79 506 85 25\">41 79 506 85 25<\/a><\/p>\n\n\n\n<figure class=\"wp-block-image size-large\"><img loading=\"lazy\" width=\"768\" height=\"1024\" src=\"https:\/\/hz-oberegg.com\/wp-content\/uploads\/2025\/09\/8a097047-debe-4d2f-a566-0977c8ad6673-768x1024.jpg\" alt=\"\" class=\"wp-image-639\" srcset=\"https:\/\/hz-oberegg.com\/wp-content\/uploads\/2025\/09\/8a097047-debe-4d2f-a566-0977c8ad6673-768x1024.jpg 768w, https:\/\/hz-oberegg.com\/wp-content\/uploads\/2025\/09\/8a097047-debe-4d2f-a566-0977c8ad6673-225x300.jpg 225w, https:\/\/hz-oberegg.com\/wp-content\/uploads\/2025\/09\/8a097047-debe-4d2f-a566-0977c8ad6673-1152x1536.jpg 1152w, https:\/\/hz-oberegg.com\/wp-content\/uploads\/2025\/09\/8a097047-debe-4d2f-a566-0977c8ad6673-450x600.jpg 450w, https:\/\/hz-oberegg.com\/wp-content\/uploads\/2025\/09\/8a097047-debe-4d2f-a566-0977c8ad6673.jpg 1200w\" sizes=\"(max-width: 767px) 89vw, (max-width: 1000px) 54vw, (max-width: 1071px) 543px, 580px\" \/><\/figure>\n\n\n\n<figure class=\"wp-block-video\"><video controls src=\"https:\/\/hz-oberegg.com\/wp-content\/uploads\/2025\/09\/WhatsApp-Video-2025-09-20-at-11.02.54.mp4\"><\/video><\/figure>\n\n\n\n<h2>H-Wurf eine Woche alt<\/h2>\n\n\n\n<style id=\"bwg-style-0\">      #bwg_container1_0 #bwg_container2_0 #bwg_mosaic_thumbnails_div_0 {        width: 100%;        position: relative;        background-color: rgba(255, 255, 255, 0.00);        text-align: center;        justify-content: center;                  margin-left: auto;          margin-right: auto;                    padding-left: 2px;          padding-top: 2px;                }          #bwg_container1_0 #bwg_container2_0 .bwg_mosaic_thumb_spun_0 {        display: block;        position: absolute;\t\t\t\tborder-radius: 0;\t\t\t\tborder: 0px none #CCCCCC;    \t\t    \t\tbackground-color:rgba(0,0,0, 0.30);        -moz-box-sizing: content-box !important;        -webkit-box-sizing: content-box !important;        box-sizing: content-box !important;      }\t\t\t#bwg_container1_0 #bwg_container2_0 .bwg_mosaic_thumb_0 {\t\t\t\tdisplay: block;\t\t\t\t-moz-box-sizing: content-box !important;\t\t\t\t-webkit-box-sizing: content-box !important;\t\t\t\tbox-sizing: content-box !important;\t\t\t\tmargin: 0;\t\t\t\topacity: 1.00;\t\t\t}      #bwg_container1_0 #bwg_container2_0 .bwg_mosaic_thumb_spun_0:hover {        opacity: 1;        backface-visibility: hidden;        -webkit-backface-visibility: hidden;        -moz-backface-visibility: hidden;        -ms-backface-visibility: hidden;        z-index: 102;      }\t     @media only screen and (min-width: 480px) {\t\t#bwg_container1_0 #bwg_container2_0 .bwg-container-0.bwg-mosaic-thumbnails .bwg-item0 img {\t\t\t-webkit-transition: -webkit-transform .3s; transition: transform .3s;\t\t}\t\t#bwg_container1_0 #bwg_container2_0 .bwg-container-0.bwg-mosaic-thumbnails .bwg-item0 img:hover {\t\t\t-ms-transform: scale(1.08);\t\t\t-webkit-transform: scale(1.08);\t\t\ttransform: scale(1.08);\t\t}\t\t      }\t      #bwg_container1_0 #bwg_container2_0 .bwg_mosaic_thumbnails_0 {        background-color: rgba(255, 255, 255, 0.00);        font-size: 0;        position: relative;        text-align: center;        display: inline-block;        visibility: hidden;              }\t  \/*image title styles*\/      #bwg_container1_0 #bwg_container2_0 .bwg_mosaic_title_spun1_0,      #bwg_container1_0 #bwg_container2_0 .bwg-mosaic-thumbnails .bwg_ecommerce_spun1_0 {        position: absolute;        display: block;        opacity: 0;        box-sizing: border-box;        text-align: center;\t\t\t\ttop: 50%;\t\t\t\tleft: 50%;\t\t\t\ttransform: translate(-50%, -50%);      }      #bwg_container1_0 #bwg_container2_0 .bwg-mosaic-thumbnails .bwg_mosaic_title_spun2_0,      #bwg_container1_0 #bwg_container2_0 .bwg-mosaic-thumbnails .bwg_ecommerce_spun2_0 {\t\t    color: #323A45;        font-family: Ubuntu;        font-size: 16px;        font-weight: bold;        text-shadow: ;        vertical-align: middle;        word-wrap: break-word;      }            .bwg_mosaic_play_icon_spun_0 {        display: table;        position: absolute;        left: -10000px;        top: 0px;        opacity: 0;      }      .bwg_mosaic_play_icon_0 {        color: #323A45;        font-size: 32px;        vertical-align: middle;        display: table-cell !important;        z-index: 1;        text-align: center;        margin: 0 auto;      }      #bwg_container1_0 #bwg_container2_0 .bwg_gal_title_0 {        background-color: rgba(0, 0, 0, 0);        color: #323A45;        display: block;        font-family: Ubuntu;        font-size: 16px;        font-weight: bold;        padding: 2px;        text-shadow: ;        text-align: center;      }            @media screen and (max-width: 350px) {      div[class^=\"bwg_mosaic_thumbnails_\"],      span[class^=\"bwg_mosaic_thumb_spun_\"] {      width: 100% !important;      }      img[class^=\"bwg_mosaic_thumb_\"] {      width: 100% !important;      height: auto !important;      margin: 0px auto !important;      }      }      <\/style>    <div id=\"bwg_container1_0\"         class=\"bwg_container bwg_thumbnail bwg_thumbnails_mosaic \"         data-right-click-protection=\"0\"         data-bwg=\"0\"         data-scroll=\"0\"         data-gallery-type=\"thumbnails_mosaic\"         data-gallery-view-type=\"thumbnails_mosaic\"         data-current-url=\"\/index.php\/wp-json\/wp\/v2\/pages\/638\"         data-lightbox-url=\"https:\/\/hz-oberegg.com\/wp-admin\/admin-ajax.php?action=GalleryBox&#038;current_view=0&#038;gallery_id=22&#038;tag=0&#038;theme_id=1&#038;shortcode_id=44&#038;sort_by=order&#038;order_by=asc&#038;current_url=%2Findex.php%2Fwp-json%2Fwp%2Fv2%2Fpages%2F638\"         data-gallery-id=\"22\"         data-popup-width=\"800\"         data-popup-height=\"500\"         data-is-album=\"gallery\"         data-buttons-position=\"bottom\">      <div id=\"bwg_container2_0\">             <div id=\"ajax_loading_0\" class=\"bwg_loading_div_1\">      <div class=\"bwg_loading_div_2\">        <div class=\"bwg_loading_div_3\">          <div id=\"loading_div_0\" class=\"bwg_spider_ajax_loading\">          <\/div>        <\/div>      <\/div>    <\/div>            <form id=\"gal_front_form_0\"              class=\"bwg-hidden\"              method=\"post\"              action=\"#\"              data-current=\"0\"              data-shortcode-id=\"44\"              data-gallery-type=\"thumbnails_mosaic\"              data-gallery-id=\"22\"              data-tag=\"0\"              data-album-id=\"0\"              data-theme-id=\"1\"              data-ajax-url=\"https:\/\/hz-oberegg.com\/wp-admin\/admin-ajax.php?action=bwg_frontend_data\">          <div id=\"bwg_container3_0\" class=\"bwg-background bwg-background-0\">                <div id=\"bwg_mosaic_thumbnails_div_0\"         class=\"bwg-container-0 bwg-container bwg-mosaic-thumbnails\"         data-bwg=\"0\"         data-mosaic-direction=\"vertical\"         data-resizable=\"0\"         data-width=\"250\"         data-height=\"250\"         data-total-width=\"100\"         data-block-id=\"bwg_thumbnails_mosaic_0\"         data-thumb-padding=\"2\"         data-thumb-border=\"0\"         data-title-margin=\"2px\"         data-image-title=\"none\"         data-play-icon=\"1\"         data-ecommerce-icon=\"none\"         data-gallery-id=\"22\"         data-lightbox-url=\"https:\/\/hz-oberegg.com\/wp-admin\/admin-ajax.php?action=GalleryBox&#038;current_view=0&#038;gallery_id=22&#038;tag=0&#038;theme_id=1&#038;shortcode_id=44&#038;sort_by=order&#038;order_by=asc&#038;current_url=%2Findex.php%2Fwp-json%2Fwp%2Fv2%2Fpages%2F638\"         data-mosaic-thumb-transition=\"1\"         style=\"visibility: hidden\" >      <div id=\"bwg_thumbnails_mosaic_0\" class=\"bwg_mosaic_thumbnails_0\">                  <a  class=\"bwg-a bwg_lightbox bwg_lightbox_0\" href=\"https:\/\/hz-oberegg.com\/wp-content\/uploads\/photo-gallery\/WhatsApp-Image-2025-09-25-at-20.39.35-4.jpeg?bwg=1758878288\" data-image-id=\"393\" data-elementor-open-lightbox=\"no\">          <div class=\"bwg_mosaic_thumb_spun_0 bwg-item0 bwg-mosaic-thumb-span \">            <img class=\"bwg_mosaic_thumb_0 skip-lazy bwg_img_clear bwg_img_custom \"                 id=\"393\"                 src=\"https:\/\/hz-oberegg.com\/wp-content\/uploads\/photo-gallery\/thumb\/WhatsApp-Image-2025-09-25-at-20.39.35-4.jpeg?bwg=1758878288\"                 data-src=\"https:\/\/hz-oberegg.com\/wp-content\/uploads\/photo-gallery\/thumb\/WhatsApp-Image-2025-09-25-at-20.39.35-4.jpeg?bwg=1758878288\"                 data-width=\"500.00\"                 data-height=\"375.00\"                 alt=\"WhatsApp-Image-2025-09-25-at-20.39.35-4\"                 title=\"WhatsApp-Image-2025-09-25-at-20.39.35-4\" \/>                      <\/div>        <\/a>                <a  class=\"bwg-a bwg_lightbox bwg_lightbox_0\" href=\"https:\/\/hz-oberegg.com\/wp-content\/uploads\/photo-gallery\/WhatsApp-Image-2025-09-25-at-20.39.35-3.jpeg?bwg=1758878288\" data-image-id=\"394\" data-elementor-open-lightbox=\"no\">          <div class=\"bwg_mosaic_thumb_spun_0 bwg-item0 bwg-mosaic-thumb-span \">            <img class=\"bwg_mosaic_thumb_0 skip-lazy bwg_img_clear bwg_img_custom \"                 id=\"394\"                 src=\"https:\/\/hz-oberegg.com\/wp-content\/uploads\/photo-gallery\/thumb\/WhatsApp-Image-2025-09-25-at-20.39.35-3.jpeg?bwg=1758878288\"                 data-src=\"https:\/\/hz-oberegg.com\/wp-content\/uploads\/photo-gallery\/thumb\/WhatsApp-Image-2025-09-25-at-20.39.35-3.jpeg?bwg=1758878288\"                 data-width=\"500.00\"                 data-height=\"375.00\"                 alt=\"WhatsApp-Image-2025-09-25-at-20.39.35-3\"                 title=\"WhatsApp-Image-2025-09-25-at-20.39.35-3\" \/>                      <\/div>        <\/a>                <a  class=\"bwg-a bwg_lightbox bwg_lightbox_0\" href=\"https:\/\/hz-oberegg.com\/wp-content\/uploads\/photo-gallery\/WhatsApp-Image-2025-09-25-at-20.39.35-2.jpeg?bwg=1758878288\" data-image-id=\"395\" data-elementor-open-lightbox=\"no\">          <div class=\"bwg_mosaic_thumb_spun_0 bwg-item0 bwg-mosaic-thumb-span \">            <img class=\"bwg_mosaic_thumb_0 skip-lazy bwg_img_clear bwg_img_custom \"                 id=\"395\"                 src=\"https:\/\/hz-oberegg.com\/wp-content\/uploads\/photo-gallery\/thumb\/WhatsApp-Image-2025-09-25-at-20.39.35-2.jpeg?bwg=1758878288\"                 data-src=\"https:\/\/hz-oberegg.com\/wp-content\/uploads\/photo-gallery\/thumb\/WhatsApp-Image-2025-09-25-at-20.39.35-2.jpeg?bwg=1758878288\"                 data-width=\"500.00\"                 data-height=\"375.00\"                 alt=\"WhatsApp-Image-2025-09-25-at-20.39.35-2\"                 title=\"WhatsApp-Image-2025-09-25-at-20.39.35-2\" \/>                      <\/div>        <\/a>                <a  class=\"bwg-a bwg_lightbox bwg_lightbox_0\" href=\"https:\/\/hz-oberegg.com\/wp-content\/uploads\/photo-gallery\/WhatsApp-Image-2025-09-25-at-20.39.35-1.jpeg?bwg=1758878288\" data-image-id=\"396\" data-elementor-open-lightbox=\"no\">          <div class=\"bwg_mosaic_thumb_spun_0 bwg-item0 bwg-mosaic-thumb-span \">            <img class=\"bwg_mosaic_thumb_0 skip-lazy bwg_img_clear bwg_img_custom \"                 id=\"396\"                 src=\"https:\/\/hz-oberegg.com\/wp-content\/uploads\/photo-gallery\/thumb\/WhatsApp-Image-2025-09-25-at-20.39.35-1.jpeg?bwg=1758878288\"                 data-src=\"https:\/\/hz-oberegg.com\/wp-content\/uploads\/photo-gallery\/thumb\/WhatsApp-Image-2025-09-25-at-20.39.35-1.jpeg?bwg=1758878288\"                 data-width=\"500.00\"                 data-height=\"375.00\"                 alt=\"WhatsApp-Image-2025-09-25-at-20.39.35-1\"                 title=\"WhatsApp-Image-2025-09-25-at-20.39.35-1\" \/>                      <\/div>        <\/a>                <a  class=\"bwg-a bwg_lightbox bwg_lightbox_0\" href=\"https:\/\/hz-oberegg.com\/wp-content\/uploads\/photo-gallery\/WhatsApp-Image-2025-09-25-at-20.39.35-5.jpeg?bwg=1758878288\" data-image-id=\"397\" data-elementor-open-lightbox=\"no\">          <div class=\"bwg_mosaic_thumb_spun_0 bwg-item0 bwg-mosaic-thumb-span \">            <img class=\"bwg_mosaic_thumb_0 skip-lazy bwg_img_clear bwg_img_custom \"                 id=\"397\"                 src=\"https:\/\/hz-oberegg.com\/wp-content\/uploads\/photo-gallery\/thumb\/WhatsApp-Image-2025-09-25-at-20.39.35-5.jpeg?bwg=1758878288\"                 data-src=\"https:\/\/hz-oberegg.com\/wp-content\/uploads\/photo-gallery\/thumb\/WhatsApp-Image-2025-09-25-at-20.39.35-5.jpeg?bwg=1758878288\"                 data-width=\"500.00\"                 data-height=\"375.00\"                 alt=\"WhatsApp-Image-2025-09-25-at-20.39.35-5\"                 title=\"WhatsApp-Image-2025-09-25-at-20.39.35-5\" \/>                      <\/div>        <\/a>                <a  class=\"bwg-a bwg_lightbox bwg_lightbox_0\" href=\"https:\/\/hz-oberegg.com\/wp-content\/uploads\/photo-gallery\/WhatsApp-Image-2025-09-25-at-20.39.35.jpeg?bwg=1758878288\" data-image-id=\"398\" data-elementor-open-lightbox=\"no\">          <div class=\"bwg_mosaic_thumb_spun_0 bwg-item0 bwg-mosaic-thumb-span \">            <img class=\"bwg_mosaic_thumb_0 skip-lazy bwg_img_clear bwg_img_custom \"                 id=\"398\"                 src=\"https:\/\/hz-oberegg.com\/wp-content\/uploads\/photo-gallery\/thumb\/WhatsApp-Image-2025-09-25-at-20.39.35.jpeg?bwg=1758878288\"                 data-src=\"https:\/\/hz-oberegg.com\/wp-content\/uploads\/photo-gallery\/thumb\/WhatsApp-Image-2025-09-25-at-20.39.35.jpeg?bwg=1758878288\"                 data-width=\"500.00\"                 data-height=\"375.00\"                 alt=\"WhatsApp-Image-2025-09-25-at-20.39.35\"                 title=\"WhatsApp-Image-2025-09-25-at-20.39.35\" \/>                      <\/div>        <\/a>                <a  class=\"bwg-a bwg_lightbox bwg_lightbox_0\" href=\"https:\/\/hz-oberegg.com\/wp-content\/uploads\/photo-gallery\/WhatsApp-Image-2025-09-25-at-20.39.34.jpeg?bwg=1758878288\" data-image-id=\"399\" data-elementor-open-lightbox=\"no\">          <div class=\"bwg_mosaic_thumb_spun_0 bwg-item0 bwg-mosaic-thumb-span \">            <img class=\"bwg_mosaic_thumb_0 skip-lazy bwg_img_clear bwg_img_custom \"                 id=\"399\"                 src=\"https:\/\/hz-oberegg.com\/wp-content\/uploads\/photo-gallery\/thumb\/WhatsApp-Image-2025-09-25-at-20.39.34.jpeg?bwg=1758878288\"                 data-src=\"https:\/\/hz-oberegg.com\/wp-content\/uploads\/photo-gallery\/thumb\/WhatsApp-Image-2025-09-25-at-20.39.34.jpeg?bwg=1758878288\"                 data-width=\"500.00\"                 data-height=\"375.00\"                 alt=\"WhatsApp-Image-2025-09-25-at-20.39.34\"                 title=\"WhatsApp-Image-2025-09-25-at-20.39.34\" \/>                      <\/div>        <\/a>            <\/div>    <\/div>    <style>      \/*pagination styles*\/      #bwg_container1_0 #bwg_container2_0 .tablenav-pages_0 {\t\t\t\ttext-align: center;\t\t\t\tfont-size: 12px;\t\t\t\tfont-family: Ubuntu;\t\t\t\tfont-weight: bold;\t\t\t\tcolor: #666666;\t\t\t\tmargin: 6px 0 4px;\t\t\t\tdisplay: block;      }      @media only screen and (max-width : 320px) {      #bwg_container1_0 #bwg_container2_0 .displaying-num_0 {     \t display: none;      }      }      #bwg_container1_0 #bwg_container2_0 .displaying-num_0 {\t\t\t\tfont-size: 12px;\t\t\t\tfont-family: Ubuntu;\t\t\t\tfont-weight: bold;\t\t\t\tcolor: #666666;\t\t\t\tmargin-right: 10px;\t\t\t\tvertical-align: middle;      }      #bwg_container1_0 #bwg_container2_0 .paging-input_0 {\t\t\t\tfont-size: 12px;\t\t\t\tfont-family: Ubuntu;\t\t\t\tfont-weight: bold;\t\t\t\tcolor: #666666;\t\t\t\tvertical-align: middle;      }      #bwg_container1_0 #bwg_container2_0 .tablenav-pages_0 a.disabled,      #bwg_container1_0 #bwg_container2_0 .tablenav-pages_0 a.disabled:hover,      #bwg_container1_0 #bwg_container2_0 .tablenav-pages_0 a.disabled:focus,\t\t\t#bwg_container1_0 #bwg_container2_0 .tablenav-pages_0 input.bwg_current_page {\t\t\t\tcursor: default;\t\t\t\tcolor: rgba(102, 102, 102, 0.5);      }      #bwg_container1_0 #bwg_container2_0 .tablenav-pages_0 a,      #bwg_container1_0 #bwg_container2_0 .tablenav-pages_0 input.bwg_current_page {\t\t\t\tcursor: pointer;\t\t\t\ttext-align: center;\t\t\t\tfont-size: 12px;\t\t\t\tfont-family: Ubuntu;\t\t\t\tfont-weight: bold;\t\t\t\tcolor: #666666;\t\t\t\ttext-decoration: none;\t\t\t\tpadding: 3px 6px;\t\t\t\tmargin: 0;\t\t\t\tborder-radius: 0;\t\t\t\tborder-style: solid;\t\t\t\tborder-width: 1px;\t\t\t\tborder-color: #E3E3E3;\t\t\t\t\t\t\t\tbackground-color: rgba(255, 255, 255, 1.00);\t\t\t\tbox-shadow: 0;\t\t\t\ttransition: all 0.3s ease 0s;-webkit-transition: all 0.3s ease 0s;      }      <\/style>      <span class=\"bwg_nav_cont_0\">              <div class=\"tablenav-pages_0\">                  <\/div>                <input type=\"hidden\" id=\"page_number_0\" name=\"page_number_0\" value=\"1\" \/>      <script type=\"text\/javascript\">        if( jQuery('.bwg_nav_cont_0').length > 1 ) {          jQuery('.bwg_nav_cont_0').first().remove()        }        function spider_page_0(cur, x, y, load_more) {          if (typeof load_more == \"undefined\") {            var load_more = false;          }          if (jQuery(cur).hasClass('disabled')) {            return false;          }          var items_county_0 = 1;          switch (y) {            case 1:              if (x >= items_county_0) {                document.getElementById('page_number_0').value = items_county_0;              }              else {                document.getElementById('page_number_0').value = x + 1;              }              break;            case 2:              document.getElementById('page_number_0').value = items_county_0;              break;            case -1:              if (x == 1) {                document.getElementById('page_number_0').value = 1;              }              else {                document.getElementById('page_number_0').value = x - 1;              }              break;            case -2:              document.getElementById('page_number_0').value = 1;              break;\t\t\t\t\t\tcase 0:              document.getElementById('page_number_0').value = x;              break;            default:              document.getElementById('page_number_0').value = 1;          }          bwg_ajax('gal_front_form_0', '0', 'bwg_thumbnails_mosaic_0', '0', '', 'gallery', 0, '', '', load_more, '', 1);        }                    jQuery('.first-page-0').on('click', function () {              spider_page_0(this, 1, -2, 'numeric');              return false;            });            jQuery('.prev-page-0').on('click', function () {              spider_page_0(this, 1, -1, 'numeric');              return false;            });            jQuery('.next-page-0').on('click', function () {              spider_page_0(this, 1, 1, 'numeric');              return false;            });            jQuery('.last-page-0').on('click', function () {              spider_page_0(this, 1, 2, 'numeric');              return false;            });        \t\t\t\t\/* Change page on input enter. *\/        function bwg_change_page_0( e, that ) {          if (  e.key == 'Enter' ) {            var to_page = parseInt(jQuery(that).val());            var pages_count = jQuery(that).parents(\".pagination-links\").data(\"pages-count\");            var current_url_param = jQuery(that).attr('data-url-info');            if (to_page > pages_count) {              to_page = 1;            }\t \t\t\t\t\t\t\t\t\t\t\t\tspider_page_0(this, to_page, 0, 'numeric');\t\t\t\t\t\t\treturn false;\t\t\t\t\t\t          }          return true;        }        jQuery('.bwg_load_btn_0').on('click', function () {            spider_page_0(this, 1, 1, true);            return false;        });      <\/script>      <\/span>                <\/div>        <\/form>        <style>          #bwg_container1_0 #bwg_container2_0 #spider_popup_overlay_0 {          background-color: #EEEEEE;          opacity: 0.60;          }          <\/style>        <div id=\"bwg_spider_popup_loading_0\" class=\"bwg_spider_popup_loading\"><\/div>        <div id=\"spider_popup_overlay_0\" class=\"spider_popup_overlay\" onclick=\"spider_destroypopup(1000)\"><\/div>        <input type=\"hidden\" id=\"bwg_random_seed_0\" value=\"1517233363\">                <\/div>    <\/div>    <script>      if (document.readyState === 'complete') {        if( typeof bwg_main_ready == 'function' ) {          if ( jQuery(\"#bwg_container1_0\").height() ) {            bwg_main_ready(jQuery(\"#bwg_container1_0\"));          }        }      } else {        document.addEventListener('DOMContentLoaded', function() {          if( typeof bwg_main_ready == 'function' ) {            if ( jQuery(\"#bwg_container1_0\").height() ) {             bwg_main_ready(jQuery(\"#bwg_container1_0\"));            }          }        });      }    <\/script>    \n","protected":false},"excerpt":{"rendered":"<p>Pearl-Malu Am 19.09.2025 um 13:00 begannen die presswehen bei Malu, doch trotz massiven Wehen konnte sie bis 15:00 keinen Welpen begr\u00fcssen \ud83e\udd72\ud83d\ude25nach einem kurzen Untersuch musste ich feststellen das der erste Welpe quer den Ausgang blockiert und der zweite versuchte die \u00dcberholspur zu nehmen \ud83d\ude48\ud83d\ude25dank meiner Erfahrung und dem bedingungslosen vertrauen das Malu in mich &hellip; <\/p>\n<p class=\"link-more\"><a href=\"https:\/\/hz-oberegg.com\/index.php\/h-wurf-soul-of-old-sheperd\/\" class=\"more-link\"><span class=\"screen-reader-text\">\u201eH-Wurf Soul of Old Shepherd\u201c <\/span>weiterlesen<\/a><\/p>\n","protected":false},"author":1,"featured_media":0,"parent":0,"menu_order":0,"comment_status":"closed","ping_status":"closed","template":"","meta":{"two_page_speed":[]},"_links":{"self":[{"href":"https:\/\/hz-oberegg.com\/index.php\/wp-json\/wp\/v2\/pages\/638"}],"collection":[{"href":"https:\/\/hz-oberegg.com\/index.php\/wp-json\/wp\/v2\/pages"}],"about":[{"href":"https:\/\/hz-oberegg.com\/index.php\/wp-json\/wp\/v2\/types\/page"}],"author":[{"embeddable":true,"href":"https:\/\/hz-oberegg.com\/index.php\/wp-json\/wp\/v2\/users\/1"}],"replies":[{"embeddable":true,"href":"https:\/\/hz-oberegg.com\/index.php\/wp-json\/wp\/v2\/comments?post=638"}],"version-history":[{"count":4,"href":"https:\/\/hz-oberegg.com\/index.php\/wp-json\/wp\/v2\/pages\/638\/revisions"}],"predecessor-version":[{"id":693,"href":"https:\/\/hz-oberegg.com\/index.php\/wp-json\/wp\/v2\/pages\/638\/revisions\/693"}],"wp:attachment":[{"href":"https:\/\/hz-oberegg.com\/index.php\/wp-json\/wp\/v2\/media?parent=638"}],"curies":[{"name":"wp","href":"https:\/\/api.w.org\/{rel}","templated":true}]}}